{"id":42031,"date":"2024-12-08T17:21:59","date_gmt":"2024-12-08T17:21:59","guid":{"rendered":"https:\/\/www.pilgrim.pt\/a-nossa-adoracao\/"},"modified":"2024-12-13T10:45:41","modified_gmt":"2024-12-13T10:45:41","slug":"a-nossa-adoracao","status":"publish","type":"page","link":"https:\/\/www.pilgrim.pt\/pt-pt\/a-nossa-adoracao\/","title":{"rendered":"A nossa adora\u00e7\u00e3o"},"content":{"rendered":"\t\t<div data-elementor-type=\"wp-page\" data-elementor-id=\"42031\" class=\"elementor elementor-42031 elementor-40963\" data-elementor-post-type=\"page\">\n\t\t\t\t<div class=\"elementor-element elementor-element-1c98e274 e-flex e-con-boxed cmsmasters-bg-hide-none cmsmasters-bg-hide-none cmsmasters-block-default e-con e-parent\" data-id=\"1c98e274\" data-element_type=\"container\" data-settings=\"{&quot;background_background&quot;:&quot;classic&quot;}\">\n\t\t\t\t\t<div class=\"e-con-inner\">\n\t\t\t\t<div class=\"elementor-element elementor-element-9bd5c3 cmsmasters-block-default cmsmasters-sticky-default elementor-widget elementor-widget-heading\" data-id=\"9bd5c3\" data-element_type=\"widget\" data-widget_type=\"heading.default\">\n\t\t\t\t<div class=\"elementor-widget-container\">\n\t\t\t\t\t<h1 class=\"elementor-heading-title elementor-size-default\">A nossa adora\u00e7\u00e3o<\/h1>\t\t\t\t<\/div>\n\t\t\t\t<\/div>\n\t\t\t\t\t<\/div>\n\t\t\t\t<\/div>\n\t\t<div class=\"elementor-element elementor-element-2fbc829 e-flex e-con-boxed cmsmasters-block-default e-con e-parent\" data-id=\"2fbc829\" data-element_type=\"container\">\n\t\t\t\t\t<div class=\"e-con-inner\">\n\t\t\t\t<div class=\"elementor-element elementor-element-e33cc15 cmsmasters-block-default cmsmasters-sticky-default elementor-widget elementor-widget-text-editor\" data-id=\"e33cc15\" data-element_type=\"widget\" data-widget_type=\"text-editor.default\">\n\t\t\t\t<div class=\"elementor-widget-container\">\n\t\t\t\t\t\t\t\t\t<p data-pm-slice=\"1 1 []\">Em Igreja Internacional do Peregrino, os nossos cultos de adora\u00e7\u00e3o s\u00e3o cuidadosamente concebidos para honrar Deus e edificar o Seu povo atrav\u00e9s da rever\u00eancia, simplicidade e fidelidade b\u00edblica. Cada elemento da nossa liturgia reflecte o nosso compromisso com as Escrituras, a centralidade de Cristo e a obra do Esp\u00edrito Santo na forma\u00e7\u00e3o do povo de Deus. <\/p>\n<h3>Uma liturgia b\u00edblica<\/h3>\n<p>O nosso culto \u00e9 dirigido pelo ministro, mas envolve a participa\u00e7\u00e3o ativa da congrega\u00e7\u00e3o. A estrutura est\u00e1 enraizada nas pr\u00e1ticas hist\u00f3ricas do Cristianismo Reformado, enfatizando os meios ordin\u00e1rios da gra\u00e7a &#8211; a Palavra, os sacramentos e a ora\u00e7\u00e3o. Segue-se um esbo\u00e7o do nosso culto t\u00edpico:  <\/p>\n<ol start=\"1\" data-spread=\"true\">\n<li>\n<p><strong>Chamada \u00e0 Adora\u00e7\u00e3o<\/strong>: O culto come\u00e7a com uma chamada \u00e0 adora\u00e7\u00e3o, lembrando-nos que Deus convida o Seu povo a entrar na Sua presen\u00e7a para O glorificar e desfrutar.<\/p>\n<\/li>\n<li>\n<p><strong>Ora\u00e7\u00e3o<\/strong>: A congrega\u00e7\u00e3o une-se em ora\u00e7\u00f5es de adora\u00e7\u00e3o, a\u00e7\u00e3o de gra\u00e7as e s\u00faplica, elevando os nossos cora\u00e7\u00f5es a Deus em humilde depend\u00eancia.<\/p>\n<\/li>\n<li>\n<p><strong>Confiss\u00e3o de pecados e garantia de perd\u00e3o<\/strong>: Confessamos os nossos pecados em conjunto, reconhecendo a nossa necessidade da gra\u00e7a de Deus. O ministro ent\u00e3o proclama a certeza do perd\u00e3o atrav\u00e9s da obra consumada de Cristo. <\/p>\n<\/li>\n<li>\n<p><strong>Leitura da Escritura<\/strong>: A Palavra de Deus \u00e9 lida publicamente, pois \u00e9 atrav\u00e9s das Escrituras que Ele fala ao Seu povo.<\/p>\n<\/li>\n<li>\n<p><strong>Confiss\u00e3o de F\u00e9<\/strong>: Juntos, afirmamos as nossas cren\u00e7as partilhadas usando credos ou confiss\u00f5es, unindo as nossas vozes na f\u00e9 hist\u00f3rica da igreja.<\/p>\n<\/li>\n<li>\n<p><strong>Transmite a Paz de Cristo<\/strong>: Este ato recorda-nos a paz que temos com Deus e uns com os outros atrav\u00e9s do Evangelho.<\/p>\n<\/li>\n<li>\n<p><strong>Canto dos Salmos<\/strong>: No centro da nossa adora\u00e7\u00e3o est\u00e1 o canto dos Salmos. Em Igreja Internacional do Peregrino, cantamos principalmente os Salmos, seja a cappella ou com acompanhamento simples de um piano ou guitarra. Os Salmos, sendo o hin\u00e1rio inspirado por Deus, guiam a nossa adora\u00e7\u00e3o em verdade e profundidade.  <\/p>\n<\/li>\n<li>\n<p><strong>Prega\u00e7\u00e3o expositiva das Escrituras<\/strong>: A prega\u00e7\u00e3o da Palavra de Deus \u00e9 o ponto alto do nosso servi\u00e7o. O ministro exp\u00f5e as Escrituras, trazendo as suas verdades para as nossas vidas de uma forma centrada em Cristo e aplic\u00e1vel. <\/p>\n<\/li>\n<li>\n<p><strong>Observa\u00e7\u00e3o dos Sacramentos<\/strong>: Observamos regularmente os sacramentos do batismo e da Ceia do Senhor, sinais e selos da gra\u00e7a da alian\u00e7a de Deus.<\/p>\n<\/li>\n<li>\n<p><strong>B\u00ean\u00e7\u00e3o<\/strong>: O culto termina com uma b\u00ean\u00e7\u00e3o pronunciada pelo ministro, que nos envia ao mundo com a paz e a presen\u00e7a de Deus.<\/p>\n<\/li>\n<\/ol>\n<h3>Por que abra\u00e7amos a m\u00fasica de adora\u00e7\u00e3o simples e centrada em Deus<\/h3>\n<p>Em Igreja Internacional do Peregrino, a nossa abordagem \u00e0 m\u00fasica de adora\u00e7\u00e3o reflecte os mesmos princ\u00edpios b\u00edblicos que o resto da nossa liturgia. Numa \u00e9poca em que o culto reflecte muitas vezes o estilo cativante e animado da m\u00fasica popular, escolhemos um caminho diferente &#8211; um caminho enraizado na simplicidade, na rever\u00eancia e na centralidade em Deus. <\/p>\n<h4>M\u00fasica de adora\u00e7\u00e3o que reflete o gosto de Deus, n\u00e3o o nosso<\/h4>\n<p>A m\u00fasica de adora\u00e7\u00e3o moderna inspira-se muitas vezes na cultura popular. A m\u00fasica pop \u00e9 concebida para apelar aos gostos e emo\u00e7\u00f5es das massas. \u00c9 simples, cativante e emocionalmente estimulante. As can\u00e7\u00f5es pop dominam as ondas de r\u00e1dio durante algumas semanas, mas o seu apelo desaparece rapidamente, deixando espa\u00e7o para a pr\u00f3xima tend\u00eancia fugaz. Da mesma forma, as grandes produ\u00e7\u00f5es das bandas de louvor de hoje em dia visam muitas vezes cativar e entreter.    <\/p>\n<p>N\u00e3o estamos a condenar esta abordagem. No entanto, ao reflectirmos sobre o que \u00e9 verdadeiramente a adora\u00e7\u00e3o, reconhecemos a necessidade de um enfoque diferente. A adora\u00e7\u00e3o n\u00e3o tem a ver connosco ou com as nossas prefer\u00eancias. Trata-se de oferecer algo a Deus. O culto p\u00fablico \u00e9 um encontro entre Deus e o Seu povo, e a nossa m\u00fasica deve refletir a Sua majestade e santidade e n\u00e3o o nosso desejo de entretenimento.    <\/p>\n<h4>Simplicidade no acompanhamento<\/h4>\n<p>O nosso acompanhamento instrumental \u00e9 intencionalmente modesto. Um piano ou uma guitarra servem apenas para apoiar o canto congregacional, n\u00e3o para o ofuscar. O objetivo \u00e9 facilitar as vozes do povo de Deus &#8211; unidas em louvor &#8211; e n\u00e3o criar uma atmosfera de concerto. Esta simplicidade permite-nos concentrarmo-nos no conte\u00fado da nossa adora\u00e7\u00e3o e n\u00e3o na atua\u00e7\u00e3o.   <\/p>\n<h4>Adora\u00e7\u00e3o que forma, n\u00e3o apenas entret\u00e9m<\/h4>\n<p>Cantar os Salmos e abra\u00e7ar a simplicidade pode inicialmente parecer diferente &#8211; at\u00e9 mesmo contra-intuitivo &#8211; para aqueles que est\u00e3o habituados \u00e0 m\u00fasica de adora\u00e7\u00e3o contempor\u00e2nea. Mas esta diferen\u00e7a \u00e9 boa. A adora\u00e7\u00e3o n\u00e3o tem a ver com satisfazer os nossos desejos ou prefer\u00eancias imediatas; tem a ver com formar-nos \u00e0 imagem de Cristo. Tal como uma refei\u00e7\u00e3o nutritiva alimenta mais profundamente do que a fast food, tamb\u00e9m a m\u00fasica de adora\u00e7\u00e3o centrada em Deus alimenta as nossas almas mais profundamente do que o apelo fugaz do louvor ao estilo pop.   <\/p>\n<h4>O princ\u00edpio regulador da adora\u00e7\u00e3o<\/h4>\n<p>A nossa abordagem \u00e0 m\u00fasica de culto \u00e9 informada pelo Princ\u00edpio Regulador do Culto, que ensina que o nosso culto p\u00fablico deve incluir apenas o que Deus ordenou nas Escrituras. Ao aderir a este princ\u00edpio, evitamos a tenta\u00e7\u00e3o de inovar ou entreter, concentrando-nos antes naquilo que Deus ordenou para a Sua gl\u00f3ria e para o nosso bem. <\/p>\n<h3>Uma palavra final<\/h3>\n<p>Em Igreja Internacional do Peregrino, todos os aspectos da nossa adora\u00e7\u00e3o &#8211; desde a estrutura da liturgia at\u00e9 \u00e0 m\u00fasica que cantamos &#8211; s\u00e3o concebidos para glorificar Deus e edificar o Seu povo. Convidamos-te a juntares-te a n\u00f3s no culto, para experimentares a beleza da Palavra de Deus proclamada, os Seus Salmos cantados e a Sua gra\u00e7a exibida nos sacramentos. Juntos, vamos elevar as nossas vozes e cora\u00e7\u00f5es ao nosso grande e glorioso Deus.  <\/p>\n\t\t\t\t\t\t\t\t<\/div>\n\t\t\t\t<\/div>\n\t\t\t\t\t<\/div>\n\t\t\t\t<\/div>\n\t\t<div class=\"elementor-element elementor-element-cb8e879 e-flex e-con-boxed cmsmasters-block-default e-con e-parent\" data-id=\"cb8e879\" data-element_type=\"container\">\n\t\t\t\t\t<div class=\"e-con-inner\">\n\t\t\t\t<div class=\"elementor-element elementor-element-caccc80 elementor-cta--skin-cover elementor-animated-content elementor-bg-transform elementor-bg-transform-zoom-in cmsmasters-block-default cmsmasters-sticky-default elementor-widget elementor-widget-call-to-action\" data-id=\"caccc80\" data-element_type=\"widget\" data-widget_type=\"call-to-action.default\">\n\t\t\t\t<div class=\"elementor-widget-container\">\n\t\t\t\t\t\t\t<div class=\"elementor-cta\">\n\t\t\t\t\t<div class=\"elementor-cta__bg-wrapper\">\n\t\t\t\t<div class=\"elementor-cta__bg elementor-bg\" style=\"background-image: url(https:\/\/www.pilgrim.pt\/wp-content\/uploads\/2024\/10\/Portuguese-and-Angolan-1024x1024.webp);\" role=\"img\" aria-label=\"Portuguese and Angolan\"><\/div>\n\t\t\t\t<div class=\"elementor-cta__bg-overlay\"><\/div>\n\t\t\t<\/div>\n\t\t\t\t\t\t\t<div class=\"elementor-cta__content\">\n\t\t\t\t\n\t\t\t\t\t\t\t\t\t<h2 class=\"elementor-cta__title elementor-cta__content-item elementor-content-item elementor-animated-item--grow\">\n\t\t\t\t\t\tEst\u00e1s convidado para o culto\t\t\t\t\t<\/h2>\n\t\t\t\t\n\t\t\t\t\n\t\t\t\t\t\t\t\t\t<div class=\"elementor-cta__button-wrapper elementor-cta__content-item elementor-content-item elementor-animated-item--grow\">\n\t\t\t\t\t<a class=\"elementor-cta__button elementor-button elementor-size-\" href=\"https:\/\/www.pilgrim.pt\/pt-pt\/participa\/\">\n\t\t\t\t\t\tJunta-te a n\u00f3s este domingo\t\t\t\t\t<\/a>\n\t\t\t\t\t<\/div>\n\t\t\t\t\t\t\t<\/div>\n\t\t\t\t\t\t<\/div>\n\t\t\t\t\t\t<\/div>\n\t\t\t\t<\/div>\n\t\t\t\t\t<\/div>\n\t\t\t\t<\/div>\n\t\t\t\t<\/div>\n\t\t","protected":false},"excerpt":{"rendered":"<p>A nossa adora\u00e7\u00e3o Em Igreja Internacional do Peregrino, os nossos cultos de adora\u00e7\u00e3o s\u00e3o cuidadosamente concebidos para honrar Deus e edificar o Seu povo atrav\u00e9s da rever\u00eancia, simplicidade e fidelidade&#8230;<\/p>\n","protected":false},"author":1,"featured_media":42008,"parent":0,"menu_order":0,"comment_status":"closed","ping_status":"closed","template":"elementor_header_footer","meta":{"_acf_changed":false,"footnotes":""},"categories":[90],"tags":[86],"class_list":["post-42031","page","type-page","status-publish","has-post-thumbnail","hentry","category-artigo","tag-primeira-pagina"],"acf":[],"_links":{"self":[{"href":"https:\/\/www.pilgrim.pt\/pt-pt\/wp-json\/wp\/v2\/pages\/42031","targetHints":{"allow":["GET"]}}],"collection":[{"href":"https:\/\/www.pilgrim.pt\/pt-pt\/wp-json\/wp\/v2\/pages"}],"about":[{"href":"https:\/\/www.pilgrim.pt\/pt-pt\/wp-json\/wp\/v2\/types\/page"}],"author":[{"embeddable":true,"href":"https:\/\/www.pilgrim.pt\/pt-pt\/wp-json\/wp\/v2\/users\/1"}],"replies":[{"embeddable":true,"href":"https:\/\/www.pilgrim.pt\/pt-pt\/wp-json\/wp\/v2\/comments?post=42031"}],"version-history":[{"count":5,"href":"https:\/\/www.pilgrim.pt\/pt-pt\/wp-json\/wp\/v2\/pages\/42031\/revisions"}],"predecessor-version":[{"id":42648,"href":"https:\/\/www.pilgrim.pt\/pt-pt\/wp-json\/wp\/v2\/pages\/42031\/revisions\/42648"}],"wp:featuredmedia":[{"embeddable":true,"href":"https:\/\/www.pilgrim.pt\/pt-pt\/wp-json\/wp\/v2\/media\/42008"}],"wp:attachment":[{"href":"https:\/\/www.pilgrim.pt\/pt-pt\/wp-json\/wp\/v2\/media?parent=42031"}],"wp:term":[{"taxonomy":"category","embeddable":true,"href":"https:\/\/www.pilgrim.pt\/pt-pt\/wp-json\/wp\/v2\/categories?post=42031"},{"taxonomy":"post_tag","embeddable":true,"href":"https:\/\/www.pilgrim.pt\/pt-pt\/wp-json\/wp\/v2\/tags?post=42031"}],"curies":[{"name":"wp","href":"https:\/\/api.w.org\/{rel}","templated":true}]}}

A nossa adoração

<div data-elementor-type="wp-page" data-elementor-id="42031" class="elementor elementor-42031 elementor-40963" data-elementor-post-type="page">
				<div class="elementor-element elementor-element-1c98e274 e-flex e-con-boxed cmsmasters-bg-hide-none cmsmasters-bg-hide-none cmsmasters-block-default e-con e-parent" data-id="1c98e274" data-element_type="container" data-settings="{&quot;background_background&quot;:&quot;classic&quot;}">
					<div class="e-con-inner">
				<div class="elementor-element elementor-element-9bd5c3 cmsmasters-block-default cmsmasters-sticky-default elementor-widget elementor-widget-heading" data-id="9bd5c3" data-element_type="widget" data-widget_type="heading.default">
				<div class="elementor-widget-container">
					<h1 class="elementor-heading-title elementor-size-default">A nossa adoração</h1>				</div>
				</div>
					</div>
				</div>
		<div class="elementor-element elementor-element-2fbc829 e-flex e-con-boxed cmsmasters-block-default e-con e-parent" data-id="2fbc829" data-element_type="container">
					<div class="e-con-inner">
				<div class="elementor-element elementor-element-e33cc15 cmsmasters-block-default cmsmasters-sticky-default elementor-widget elementor-widget-text-editor" data-id="e33cc15" data-element_type="widget" data-widget_type="text-editor.default">
				<div class="elementor-widget-container">
									<p data-pm-slice="1 1 []">Em Igreja Internacional do Peregrino, os nossos cultos de adoração são cuidadosamente concebidos para honrar Deus e edificar o Seu povo através da reverência, simplicidade e fidelidade bíblica. Cada elemento da nossa liturgia reflecte o nosso compromisso com as Escrituras, a centralidade de Cristo e a obra do Espírito Santo na formação do povo de Deus. </p>
<h3>Uma liturgia bíblica</h3>
<p>O nosso culto é dirigido pelo ministro, mas envolve a participação ativa da congregação. A estrutura está enraizada nas práticas históricas do Cristianismo Reformado, enfatizando os meios ordinários da graça &#8211; a Palavra, os sacramentos e a oração. Segue-se um esboço do nosso culto típico:  </p>
<ol start="1" data-spread="true">
<li>
<p><strong>Chamada à Adoração</strong>: O culto começa com uma chamada à adoração, lembrando-nos que Deus convida o Seu povo a entrar na Sua presença para O glorificar e desfrutar.</p>
</li>
<li>
<p><strong>Oração</strong>: A congregação une-se em orações de adoração, ação de graças e súplica, elevando os nossos corações a Deus em humilde dependência.</p>
</li>
<li>
<p><strong>Confissão de pecados e garantia de perdão</strong>: Confessamos os nossos pecados em conjunto, reconhecendo a nossa necessidade da graça de Deus. O ministro então proclama a certeza do perdão através da obra consumada de Cristo. </p>
</li>
<li>
<p><strong>Leitura da Escritura</strong>: A Palavra de Deus é lida publicamente, pois é através das Escrituras que Ele fala ao Seu povo.</p>
</li>
<li>
<p><strong>Confissão de Fé</strong>: Juntos, afirmamos as nossas crenças partilhadas usando credos ou confissões, unindo as nossas vozes na fé histórica da igreja.</p>
</li>
<li>
<p><strong>Transmite a Paz de Cristo</strong>: Este ato recorda-nos a paz que temos com Deus e uns com os outros através do Evangelho.</p>
</li>
<li>
<p><strong>Canto dos Salmos</strong>: No centro da nossa adoração está o canto dos Salmos. Em Igreja Internacional do Peregrino, cantamos principalmente os Salmos, seja a cappella ou com acompanhamento simples de um piano ou guitarra. Os Salmos, sendo o hinário inspirado por Deus, guiam a nossa adoração em verdade e profundidade.  </p>
</li>
<li>
<p><strong>Pregação expositiva das Escrituras</strong>: A pregação da Palavra de Deus é o ponto alto do nosso serviço. O ministro expõe as Escrituras, trazendo as suas verdades para as nossas vidas de uma forma centrada em Cristo e aplicável. </p>
</li>
<li>
<p><strong>Observação dos Sacramentos</strong>: Observamos regularmente os sacramentos do batismo e da Ceia do Senhor, sinais e selos da graça da aliança de Deus.</p>
</li>
<li>
<p><strong>Bênção</strong>: O culto termina com uma bênção pronunciada pelo ministro, que nos envia ao mundo com a paz e a presença de Deus.</p>
</li>
</ol>
<h3>Por que abraçamos a música de adoração simples e centrada em Deus</h3>
<p>Em Igreja Internacional do Peregrino, a nossa abordagem à música de adoração reflecte os mesmos princípios bíblicos que o resto da nossa liturgia. Numa época em que o culto reflecte muitas vezes o estilo cativante e animado da música popular, escolhemos um caminho diferente &#8211; um caminho enraizado na simplicidade, na reverência e na centralidade em Deus. </p>
<h4>Música de adoração que reflete o gosto de Deus, não o nosso</h4>
<p>A música de adoração moderna inspira-se muitas vezes na cultura popular. A música pop é concebida para apelar aos gostos e emoções das massas. É simples, cativante e emocionalmente estimulante. As canções pop dominam as ondas de rádio durante algumas semanas, mas o seu apelo desaparece rapidamente, deixando espaço para a próxima tendência fugaz. Da mesma forma, as grandes produções das bandas de louvor de hoje em dia visam muitas vezes cativar e entreter.    </p>
<p>Não estamos a condenar esta abordagem. No entanto, ao reflectirmos sobre o que é verdadeiramente a adoração, reconhecemos a necessidade de um enfoque diferente. A adoração não tem a ver connosco ou com as nossas preferências. Trata-se de oferecer algo a Deus. O culto público é um encontro entre Deus e o Seu povo, e a nossa música deve refletir a Sua majestade e santidade e não o nosso desejo de entretenimento.    </p>
<h4>Simplicidade no acompanhamento</h4>
<p>O nosso acompanhamento instrumental é intencionalmente modesto. Um piano ou uma guitarra servem apenas para apoiar o canto congregacional, não para o ofuscar. O objetivo é facilitar as vozes do povo de Deus &#8211; unidas em louvor &#8211; e não criar uma atmosfera de concerto. Esta simplicidade permite-nos concentrarmo-nos no conteúdo da nossa adoração e não na atuação.   </p>
<h4>Adoração que forma, não apenas entretém</h4>
<p>Cantar os Salmos e abraçar a simplicidade pode inicialmente parecer diferente &#8211; até mesmo contra-intuitivo &#8211; para aqueles que estão habituados à música de adoração contemporânea. Mas esta diferença é boa. A adoração não tem a ver com satisfazer os nossos desejos ou preferências imediatas; tem a ver com formar-nos à imagem de Cristo. Tal como uma refeição nutritiva alimenta mais profundamente do que a fast food, também a música de adoração centrada em Deus alimenta as nossas almas mais profundamente do que o apelo fugaz do louvor ao estilo pop.   </p>
<h4>O princípio regulador da adoração</h4>
<p>A nossa abordagem à música de culto é informada pelo Princípio Regulador do Culto, que ensina que o nosso culto público deve incluir apenas o que Deus ordenou nas Escrituras. Ao aderir a este princípio, evitamos a tentação de inovar ou entreter, concentrando-nos antes naquilo que Deus ordenou para a Sua glória e para o nosso bem. </p>
<h3>Uma palavra final</h3>
<p>Em Igreja Internacional do Peregrino, todos os aspectos da nossa adoração &#8211; desde a estrutura da liturgia até à música que cantamos &#8211; são concebidos para glorificar Deus e edificar o Seu povo. Convidamos-te a juntares-te a nós no culto, para experimentares a beleza da Palavra de Deus proclamada, os Seus Salmos cantados e a Sua graça exibida nos sacramentos. Juntos, vamos elevar as nossas vozes e corações ao nosso grande e glorioso Deus.  </p>
								</div>
				</div>
					</div>
				</div>
		<div class="elementor-element elementor-element-cb8e879 e-flex e-con-boxed cmsmasters-block-default e-con e-parent" data-id="cb8e879" data-element_type="container">
					<div class="e-con-inner">
				<div class="elementor-element elementor-element-caccc80 elementor-cta--skin-cover elementor-animated-content elementor-bg-transform elementor-bg-transform-zoom-in cmsmasters-block-default cmsmasters-sticky-default elementor-widget elementor-widget-call-to-action" data-id="caccc80" data-element_type="widget" data-widget_type="call-to-action.default">
				<div class="elementor-widget-container">
							<div class="elementor-cta">
					<div class="elementor-cta__bg-wrapper">
				<div class="elementor-cta__bg elementor-bg" style="background-image: url(https://www.pilgrim.pt/wp-content/uploads/2024/10/Portuguese-and-Angolan-1024x1024.webp);" role="img" aria-label="Portuguese and Angolan"></div>
				<div class="elementor-cta__bg-overlay"></div>
			</div>
							<div class="elementor-cta__content">
				
									<h2 class="elementor-cta__title elementor-cta__content-item elementor-content-item elementor-animated-item--grow">
						Estás convidado para o culto					</h2>
				
				
									<div class="elementor-cta__button-wrapper elementor-cta__content-item elementor-content-item elementor-animated-item--grow">
					<a class="elementor-cta__button elementor-button elementor-size-" href="https://www.pilgrim.pt/pt-pt/participa/">
						Junta-te a nós este domingo					</a>
					</div>
							</div>
						</div>
						</div>
				</div>
					</div>
				</div>
				</div>

<p>A nossa adoração Em Igreja Internacional do Peregrino, os nossos cultos de adoração são cuidadosamente concebidos para honrar Deus e edificar o Seu povo através da reverência, simplicidade e fidelidade&#8230;</p>
